 derivative of d**6/120 - d**5/20 - 5*d**4/24 + d**3 + d**2. Let u be (-4 - -1) + (-82)/(-6)*3. Suppose 37*c - u*c = -4. Give v(c).
2
Let w = -21 - -25. Suppose 7 = w*c - t, -12 = -3*c - t - 5. Let i(p) = -7*p - c*p + 1 + 2*p. Give i(-1).
8
Let h(b) = 8*b**2 - b - 1. Suppose 5*d = -4*z + 16 + 5, -3*z + 5*d = 28. Calculate h(z).
8
Let l(i) = 0 + 5 + i - 2*i. Let q(f) = f**3 - 3*f**2 + 4. Let t be q(3). Suppose -5*g + 0 = -t*p + 40, 4*g + 16 = 0. Calculate l(p).
0
Let m(b) be the third derivative of -b**6/360 + b**5/60 - b**4/24 + 14*b**3/3 + 24*b**2. Let q(h) be the first derivative of m(h). Determine q(1).
0
Let c(s) = s - 4. Let x be c(-2). Let y(z) = -z**2 - 10*z - 5. Let g be y(-9). Let w(q) = -1 + g + 2*q + 6. Calculate w(x).
-3
Let f = 40 - 16. Suppose 6 = -3*v + f. Let h(y) = -y**3 + 6*y**2 + 5. Calculate h(v).
5
Let o(r) = -r**3 - 3*r**2 + 4*r + 4. Suppose -24 = 4*p + q + 48, 0 = -p - q - 21. Let k = 23 + p. Suppose -13 = m - 5*n, -2*m - n + 2 = k. Determine o(m).
-8
Let v(j) = j**2 + j + 1. Let x = 1284 - 1284. Determine v(x).
1
Let s be 25/(-5) + 4 - -14. Let g(l) = -s*l - 3 + l**2 + 5*l + 7 + 12*l. Give g(-3).
1
Let c(i) = 2*i. Let w = -52 - -67. Let b = 17 - w. Determine c(b).
4
Let g be 6 - 1 - 8/4. Let c(n) = 0 - 8 - 2*n**2 + 6 + g*n. Let m = 8 - 6. Determine c(m).
-4
Let v(r) = -r**3 - 4*r**2 + 9*r + 3. Suppose 126 = 18*s - 39*s. What is v(s)?
21
Suppose 4*q = 4*z + 12, 3*z + q + 2*q = 9. Let h(m) = m**2 + 0 - 2 + z*m**2 - 6*m + 1. Determine h(5).
-6
Suppose 2*g + 14 = 4*u - 4, 4*g + 6 = 3*u. Suppose 4*s = u + 2. Let t be (s/3)/((-2)/(-15)). Let l(d) = -d**2 + 2*d + 7. Calculate l(t).
-8
Suppose -19 = 5*x - 2*k + 15, x + 3*k = -17. Let d(b) = -4*b - 6. Calculate d(x).
26
Let u(r) = 3*r**2 + 6*r - 8. Let w = 2223 + -2229. Calculate u(w).
64
Let v(a) = -5*a**2 - 4*a - 7. Let h(l) = 4*l**2 + 4*l + 7. Let u(i) = -6*h(i) - 5*v(i). Let x be 1/3*(-7 + (-40)/(-4)). Suppose x + 83 = 14*f. Calculate u(f).
5
Let b(v) = 5*v + 7. Let t(z) = 1. Let x(m) = -b(m) + 6*t(m). Suppose 4*r - 51 = -3*p, 3*p - 31 - 20 = 4*r. Suppose 2*l - p = -15. Calculate x(l).
-6
Let n(z) = z**3 - 8*z**2 + 7*z - 7. Suppose 0*r + 15 = 5*r. Suppose -r*x + 2*s = -11, -3*x - s = -2*s - 16. Calculate n(x).
-7
Let m(q) = 5*q**3 - 8*q**2 - 2*q + 2. Suppose -16*g + 15 = -13*g. Let j(l) = 4*l**3 - 7*l**2 - l + 2. Let p(b) = g*m(b) - 6*j(b). What is p(-3)?
1
Let w(t) be the third derivative of -t**6/120 + 7*t**5/60 - t**4/8 - 4*t**3/3 - 23*t**2. Suppose -28 = a - 3*a. Suppose 3*r - a = 4. Give w(r).
10
Suppose v + 2 = 4. Let i(x) be the first derivative of 2 + 8 + 0 - 4 - 4*x**v. Determine i(-1).
8
Let n(u) = -u + 1. Let g = -23 - -14. Let l be (g - -4)*(-16)/5. Let v = l - 11. What is n(v)?
-4
Let h(p) = -p**2 + 12*p - 28. Let o be h(8). Let x(i) = 3*i + 2. Let r(q) = -q - 2. Let a(y) = 2*r(y) + x(y). Calculate a(o).
2
Let c(k) = -k + 25. Let a be c(-5). Suppose 0 = -14*q + 8*q - a. Let w(s) = -s**3 - 4*s**2 + 6*s + 6. What is w(q)?
1
Let d(r) = 4 - 5 - 57*r**3 + 56*r**3 + 2*r. Suppose 2 - 4 = -2*z. Let i be z + -1 + 1 - -1. Calculate d(i).
-5
Suppose 21*a + 16 = -47. Let l(z) = 2*z - 5. What is l(a)?
-11
Let f(q) = 37*q + 82. Let j(d) = -13*d - 29. Let z(c) = 6*f(c) + 17*j(c). Determine z(-5).
-6
Let h = 19 + -29. Let u be 4/(-20) + (-42)/h. Suppose -11 = -j - u*s, -3*j - 14 = 2*j - 3*s. Let o(p) = p + 2. Calculate o(j).
1
Let p(k) = -14*k**2 + 40*k - 9. Let q(u) = -22*u**2 + 60*u - 13. Let j(b) = -8*p(b) + 5*q(b). Calculate j(10).
7
Suppose -2 - 1 = -3*k. Let p(a) = -6*a**2 - 3*a + 2. Let x(n) = -n**2 - n + 1. Let w(r) = -p(r) + x(r). Give w(k).
6
Let b(q) = q**2 + 8*q + 6. Suppose -l - 7 + 9 = 0. Suppose -m = -5*r + l*m - 21, 0 = 4*r + 2*m + 30. What is b(r)?
-6
Let v(f) = -2*f**2 - 3*f - 3. Let z be v(-2). Let t(k) be the third derivative of k**5/60 + k**4/3 + k**3/2 + 602*k**2. Determine t(z).
-12
Let h = -39 + 45. Let y = h - 10. Let d(v) be the third derivative of v**6/120 + v**5/15 + v**4/24 + v**3/3 + 2*v**2. Determine d(y).
-2
Let d(x) = -x**3 + 2*x**2 + x + 1. Suppose 0 = -13*j - 4 - 22. Determine d(j).
15
Let q(o) be the first derivative of 10*o + 4 - 1/6*o**3 + 3/2*o**2. Let g(p) be the first derivative of q(p). Determine g(3).
0
Let b(g) = -2*g**2 + 3*g - 4. Let h(k) = 19 + 8*k**2 + 0 - 2 - 12*k. Let i(w) = -9*b(w) - 2*h(w). Determine i(3).
11
Let w(q) = q**2 + 6*q + 3. Let u = -493 - -485. Give w(u).
19
Suppose -t + 4*t = -5*s + 19, -3*s = -5*t + 9. Let u(n) = -7*n + 0*n + n**s - 10 + n - 2*n. Determine u(9).
-1
Let s(u) = -9*u - 8. Let r(t) = -t**2 + 9*t + 7. Let b(i) = -2*r(i) - 3*s(i). What is b(-4)?
6
Let i(y) be the first derivative of y**3/3 - 5*y**2/2 - 6*y + 84. Calculate i(-1).
0
Suppose 2*j = 3*j - 68. Suppose 8 = -10*n + j. Let c(z) = z**3 - 7*z**2 + 7*z. What is c(n)?
6
Let y(z) = 318 + z**2 - 316 + 0*z**2 + 5*z - 2*z**2. Let b be (1/(-2))/(2/(-16)). Give y(b).
6
Let w(q) = q**3 + 7*q**2 - 5*q - 10. Let d be -3 - 2 - (4 + -3)*2. Give w(d).
25
Let y = 8123/3 + -2707. Let w(a) be the third derivative of 1/60*a**5 + 0*a + 1/8*a**4 + 8*a**2 + 0 - y*a**3. Determine w(-4).
0
Let b(j) = -j**3 + 8*j**2 - j + 9. Suppose -3*w + 43 - 25 = -2*y, -w + 3*y = 1. Give b(w).
1
Let l(c) be the first derivative of 9*c**4/4 + 2*c**3/3 - c - 4. Let p be l(1). Suppose -3*b - p - 2 = 0. Let t(a) = 2*a + 2. What is t(b)?
-6
Let a(q) = 2*q + 241 + 244 - 468 - q**2. Determine a(6).
-7
Let o(q) = q. Let n(m) = -m + 25. Let l be n(11). Suppose l - 1 = z. Let j = 7 - z. Determine o(j).
-6
Let o(t) = -4*t**2 - 13 + t**3 - t**2 + 18 + 3*t. Let y(x) = -x - 1. Let i be y(-5). Determine o(i).
1
Let h(n) = -6*n - 12. Let b(i) = -3*i - 1. Let u(f) = f + 4 - 4. Let c(l) = b(l) + 2*u(l). Let g(z) = 5*c(z) - h(z). Calculate g(-5).
2
Let x = 33 - 51. Let p = -19 - x. Let d(l) be the third derivative of -l**5/30 - 2*l**2. Give d(p).
-2
Let i = 539 - 535. Let g(x) = x**3 - 6*x**2 - 5. Determine g(i).
-37
Let r(m) = m + 1. Let o = -30 - -39. Suppose -4*b + o - 25 = 0. Calculate r(b).
-3
Let d(z) = z**3 - 3*z**2 + 4*z - 4. Let v = -4 - -7. Let a be d(v). Let l(w) = -5 - w**3 - w + a - 1 - 2*w**2 - 6. What is l(-3)?
8
Suppose 5*h + 7 = 17*v - 19*v, 2 = -4*v + 2*h. Let q(x) = -6*x**3 + x**2. What is q(v)?
7
Let b be 48*1 - 10/(0 + -5). Suppose b = 9*g + g. Let c(n) = -2*n + 1. Calculate c(g).
-9
Let b = -1 + -1. Let r(p) be the third derivative of p**7/840 - p**6/720 + 7*p**5/60 + 6*p**2. Let x(d) be the third derivative of r(d). Calculate x(b).
-13
Let z(y) = y. Let k(a) = -a - 6. Let i(x) = -2*x - 6. Let q(t) = -6*i(t) + 7*k(t). Let h be q(2). Give z(h).
4
Let l(t) = -15*t - 21*t - 12*t - 10 + 49*t. Calculate l(12).
2
Let w(k) be the second derivative of 3/2*k**2 + 7*k + 0 + 1/2*k**3. Calculate w(-3).
-6
Let c(t) = -65*t - 39. Let d(n) = 43*n + 28. Let u(j) = -5*c(j) - 7*d(j). Calculate u(-2).
-49
Suppose 12*o = -7*o - 76. Let i(m) = m**3 + 3*m**2 + m + 5. Determine i(o).
-15
Let c(u) = 6 - 3 - 2 + 2*u. Let j be (-6 - 522/(-12))/(2/4). Let g = -78 + j. Give c(g).
-5
Let p(l) = -l**3 + 3*l**2 + 3*l - 4. Let x be p(3). Suppose 2*t = 5*j + 19, -19 = -x*t - 0*j + 3*j. Let s(n) = t - 9 + 3*n + n**2 + n. Determine s(-6).
5
Suppose 4*u - 20 = 8*u. Let m(x) = x**3 + 8*x**2 + 6*x - 3. Determine m(u).
42
Let z(j) = 21*j + j**2 - 17*j + 7 - 1. Let q be z(-4). Let t(p) = -p + 2. Determine t(q).
-4
Let c(j) = -6*j**3 + 4*j**2 - j - 4. Let y(i) = 5*i**3 - 5*i**2 + i + 2. Let p(b) = 4*c(b) + 5*y(b). What is p(9)?
3
Let j(c) = c**3 + 5*c**2 + 4*c. Let z be j(-4). Suppose n + z*n = 6. Let d(h) = -7 - 9*h + 11*h + 0. Determine d(n).
5
Let q(o) = -3*o**2 - o + 200. Let c be q(8). Let t(x) = x + x**2 + x**3 + 11 + 14 - 6. Calculate t(c).
19
Let n = 431 - 428. Let z(m) be the second derivative of 1/12*m**4 + 3/2*m**2 + 0 + m - 7/6*m**n. Determine z(4).
-9
Let p(h) = -5*h + 27. Let d(v) = v - 5. Let j(z) = 11*d(z) + 2*p(z). Calculate j(-5).
-6
Let h(p) = -9*p + 11*p + 1221 - 1223. What is h(3)?
4
Let n be (-27)/(-21) + (-4)/14. Let d(m) = 0*m**2 + 0*m**2 - m**2 + 1 - m**3. Let z(c) = -8*c**3 - 3*c**2 - 2*c + 4. Let i(v) = -3*d(v) + z(v). Determine i(n).
-6
Suppose -2*v + 41 = 5*k, 47*v - 4*k - 32 = 45*v. Let i(b) = b**3 - 16*b**2 - 37*b + 22. Give i(v).
4
Let m(o) = 5*o**3 - o**2 - o. Let d = 2 - -7. Suppose